[INFO] cloning repository https://github.com/CMatri/connector_client
[INFO] running `Command { std: "git" "-c" "credential.helper=" "-c" "credential.helper=/workspace/cargo-home/bin/git-credential-null" "clone" "--bare" "https://github.com/CMatri/connector_client" "/workspace/cache/git-repos/https%3A%2F%2Fgithub.com%2FCMatri%2Fconnector_client", kill_on_drop: false }`
[INFO] [stderr] Cloning into bare repository '/workspace/cache/git-repos/https%3A%2F%2Fgithub.com%2FCMatri%2Fconnector_client'...
[INFO] running `Command { std: "git" "rev-parse" "HEAD", kill_on_drop: false }`
[INFO] [stdout] 0dbf8eeb53c1ea4fddb46f00f103c585a438c370
[INFO] checking CMatri/connector_client against try#72f88fc4e9458f89516a0b8b0868f3718aec5b47 for pr-74989
[INFO] running `Command { std: "git" "clone" "/workspace/cache/git-repos/https%3A%2F%2Fgithub.com%2FCMatri%2Fconnector_client" "/workspace/builds/worker-9/source", kill_on_drop: false }`
[INFO] [stderr] Cloning into '/workspace/builds/worker-9/source'...
[INFO] [stderr] done.
[INFO] validating manifest of git repo https://github.com/CMatri/connector_client on toolchain 72f88fc4e9458f89516a0b8b0868f3718aec5b47
[INFO] running `Command { std: "/workspace/cargo-home/bin/cargo" "+72f88fc4e9458f89516a0b8b0868f3718aec5b47" "read-manifest" "--manifest-path" "Cargo.toml", kill_on_drop: false }`
[INFO] started tweaking git repo https://github.com/CMatri/connector_client
[INFO] finished tweaking git repo https://github.com/CMatri/connector_client
[INFO] tweaked toml for git repo https://github.com/CMatri/connector_client written to /workspace/builds/worker-9/source/Cargo.toml
[INFO] crate git repo https://github.com/CMatri/connector_client already has a lockfile, it will not be regenerated
[INFO] running `Command { std: "/workspace/cargo-home/bin/cargo" "+72f88fc4e9458f89516a0b8b0868f3718aec5b47" "fetch" "--locked" "--manifest-path" "Cargo.toml", kill_on_drop: false }`
[INFO] [stderr]  Downloading crates ...
[INFO] [stderr]   Downloaded lerp v0.2.0
[INFO] [stderr]   Downloaded enigo v0.0.13
[INFO] running `Command { std: "docker" "create" "-v" "/var/lib/crater-agent-workspace/builds/worker-9/target:/opt/rustwide/target:rw,Z" "-v" "/var/lib/crater-agent-workspace/builds/worker-9/source:/opt/rustwide/workdir:ro,Z" "-v" "/var/lib/crater-agent-workspace/cargo-home:/opt/rustwide/cargo-home:ro,Z" "-v" "/var/lib/crater-agent-workspace/rustup-home:/opt/rustwide/rustup-home:ro,Z" "-e" "SOURCE_DIR=/opt/rustwide/workdir" "-e" "CARGO_TARGET_DIR=/opt/rustwide/target" "-e" "CARGO_HOME=/opt/rustwide/cargo-home" "-e" "RUSTUP_HOME=/opt/rustwide/rustup-home" "-w" "/opt/rustwide/workdir" "-m" "1610612736" "--user" "0:0" "--network" "none" "rustops/crates-build-env@sha256:d92eaeed33fa75130ca1ee6c8a01d1ffb62bac859dfdfb3450e3e5d1c0146529" "/opt/rustwide/cargo-home/bin/cargo" "+72f88fc4e9458f89516a0b8b0868f3718aec5b47" "metadata" "--no-deps" "--format-version=1", kill_on_drop: false }`
[INFO] [stdout] 406f7ba60b116f6fe988edfe9eb2ad729598384b6f024cc80ae65063f8e6c6e6
[INFO] [stderr] WARNING: Your kernel does not support swap limit capabilities or the cgroup is not mounted. Memory limited without swap.
[INFO] running `Command { std: "docker" "start" "-a" "406f7ba60b116f6fe988edfe9eb2ad729598384b6f024cc80ae65063f8e6c6e6", kill_on_drop: false }`
[INFO] running `Command { std: "docker" "inspect" "406f7ba60b116f6fe988edfe9eb2ad729598384b6f024cc80ae65063f8e6c6e6", kill_on_drop: false }`
[INFO] running `Command { std: "docker" "rm" "-f" "406f7ba60b116f6fe988edfe9eb2ad729598384b6f024cc80ae65063f8e6c6e6", kill_on_drop: false }`
[INFO] [stdout] 406f7ba60b116f6fe988edfe9eb2ad729598384b6f024cc80ae65063f8e6c6e6
[INFO] running `Command { std: "docker" "create" "-v" "/var/lib/crater-agent-workspace/builds/worker-9/target:/opt/rustwide/target:rw,Z" "-v" "/var/lib/crater-agent-workspace/builds/worker-9/source:/opt/rustwide/workdir:ro,Z" "-v" "/var/lib/crater-agent-workspace/cargo-home:/opt/rustwide/cargo-home:ro,Z" "-v" "/var/lib/crater-agent-workspace/rustup-home:/opt/rustwide/rustup-home:ro,Z" "-e" "SOURCE_DIR=/opt/rustwide/workdir" "-e" "CARGO_TARGET_DIR=/opt/rustwide/target" "-e" "CARGO_INCREMENTAL=0" "-e" "RUST_BACKTRACE=full" "-e" "RUSTFLAGS=--cap-lints=forbid" "-e" "CARGO_HOME=/opt/rustwide/cargo-home" "-e" "RUSTUP_HOME=/opt/rustwide/rustup-home" "-w" "/opt/rustwide/workdir" "-m" "1610612736" "--user" "0:0" "--network" "none" "rustops/crates-build-env@sha256:d92eaeed33fa75130ca1ee6c8a01d1ffb62bac859dfdfb3450e3e5d1c0146529" "/opt/rustwide/cargo-home/bin/cargo" "+72f88fc4e9458f89516a0b8b0868f3718aec5b47" "check" "--frozen" "--all" "--all-targets" "--message-format=json", kill_on_drop: false }`
[INFO] [stdout] eb9a505b95a5c81e14fa3fa9b3e699c1447d2dba1782abce48edda210f7df889
[INFO] [stderr] WARNING: Your kernel does not support swap limit capabilities or the cgroup is not mounted. Memory limited without swap.
[INFO] running `Command { std: "docker" "start" "-a" "eb9a505b95a5c81e14fa3fa9b3e699c1447d2dba1782abce48edda210f7df889", kill_on_drop: false }`
[INFO] [stderr]    Compiling libc v0.2.62
[INFO] [stderr]    Compiling winapi v0.3.8
[INFO] [stderr]    Compiling num-traits v0.2.8
[INFO] [stderr]    Compiling enigo v0.0.13
[INFO] [stderr]     Checking num-traits v0.1.43
[INFO] [stderr]     Checking lerp v0.2.0
[INFO] [stderr]     Checking connector-client v0.1.0 (/opt/rustwide/workdir)
[INFO] [stdout] error[E0433]: failed to resolve: could not find `um` in `winapi`
[INFO] [stdout]  --> src/main.rs:8:13
[INFO] [stdout]   |
[INFO] [stdout] 8 | use winapi::um::mmeapi::{waveOutSetVolume, waveOutGetVolume};
[INFO] [stdout]   |             ^^ could not find `um` in `winapi`
[INFO] [stdout] 
[INFO] [stdout] 
[INFO] [stdout] error[E0425]: cannot find function `waveOutGetVolume` in this scope
[INFO] [stdout]   --> src/main.rs:68:17
[INFO] [stdout]    |
[INFO] [stdout] 68 |                 waveOutGetVolume(std::ptr::null_mut(), &mut vol);
[INFO] [stdout]    |                 ^^^^^^^^^^^^^^^^ not found in this scope
[INFO] [stdout] 
[INFO] [stdout] 
[INFO] [stdout] error[E0425]: cannot find function `waveOutSetVolume` in this scope
[INFO] [stdout]   --> src/main.rs:70:21
[INFO] [stdout]    |
[INFO] [stdout] 70 |                     waveOutSetVolume(std::ptr::null_mut(), 0);//std::cmp::max(0, vol - 50));
[INFO] [stdout]    |                     ^^^^^^^^^^^^^^^^ not found in this scope
[INFO] [stdout] 
[INFO] [stdout] 
[INFO] [stdout] error[E0425]: cannot find function `waveOutSetVolume` in this scope
[INFO] [stdout]   --> src/main.rs:72:21
[INFO] [stdout]    |
[INFO] [stdout] 72 |                     waveOutSetVolume(std::ptr::null_mut(), 0xFFFF);//std::cmp::min(0xFFFF, vol + 50));
[INFO] [stdout]    |                     ^^^^^^^^^^^^^^^^ not found in this scope
[INFO] [stdout] 
[INFO] [stdout] 
[INFO] [stdout] error[E0433]: failed to resolve: could not find `um` in `winapi`
[INFO] [stdout]  --> src/main.rs:8:13
[INFO] [stdout]   |
[INFO] [stdout] 8 | use winapi::um::mmeapi::{waveOutSetVolume, waveOutGetVolume};
[INFO] [stdout]   |             ^^ could not find `um` in `winapi`
[INFO] [stdout] 
[INFO] [stdout] 
[INFO] [stdout] warning: unused import: `Lerp`
[INFO] [stdout]  --> src/main.rs:9:12
[INFO] [stdout]   |
[INFO] [stdout] 9 | use lerp::{Lerp, LerpIter};
[INFO] [stdout]   |            ^^^^
[INFO] [stdout]   |
[INFO] [stdout]   = note: `#[warn(unused_imports)]` on by default
[INFO] [stdout] 
[INFO] [stdout] 
[INFO] [stdout] error: aborting due to 4 previous errors; 1 warning emitted
[INFO] [stdout] 
[INFO] [stdout] 
[INFO] [stdout] Some errors have detailed explanations: E0425, E0433.
[INFO] [stdout] 
[INFO] [stdout] For more information about an error, try `rustc --explain E0425`.
[INFO] [stdout] 
[INFO] [stderr] error: could not compile `connector-client`.
[INFO] [stderr] 
[INFO] [stderr] To learn more, run the command again with --verbose.
[INFO] [stderr] warning: build failed, waiting for other jobs to finish...
[INFO] [stdout] error[E0425]: cannot find function `waveOutGetVolume` in this scope
[INFO] [stdout]   --> src/main.rs:68:17
[INFO] [stdout]    |
[INFO] [stdout] 68 |                 waveOutGetVolume(std::ptr::null_mut(), &mut vol);
[INFO] [stdout]    |                 ^^^^^^^^^^^^^^^^ not found in this scope
[INFO] [stdout] 
[INFO] [stdout] 
[INFO] [stdout] error[E0425]: cannot find function `waveOutSetVolume` in this scope
[INFO] [stdout]   --> src/main.rs:70:21
[INFO] [stdout]    |
[INFO] [stdout] 70 |                     waveOutSetVolume(std::ptr::null_mut(), 0);//std::cmp::max(0, vol - 50));
[INFO] [stdout]    |                     ^^^^^^^^^^^^^^^^ not found in this scope
[INFO] [stdout] 
[INFO] [stdout] 
[INFO] [stdout] error[E0425]: cannot find function `waveOutSetVolume` in this scope
[INFO] [stdout]   --> src/main.rs:72:21
[INFO] [stdout]    |
[INFO] [stdout] 72 |                     waveOutSetVolume(std::ptr::null_mut(), 0xFFFF);//std::cmp::min(0xFFFF, vol + 50));
[INFO] [stdout]    |                     ^^^^^^^^^^^^^^^^ not found in this scope
[INFO] [stdout] 
[INFO] [stdout] 
[INFO] [stdout] warning: unused import: `Lerp`
[INFO] [stdout]  --> src/main.rs:9:12
[INFO] [stdout]   |
[INFO] [stdout] 9 | use lerp::{Lerp, LerpIter};
[INFO] [stdout]   |            ^^^^
[INFO] [stdout]   |
[INFO] [stdout]   = note: `#[warn(unused_imports)]` on by default
[INFO] [stdout] 
[INFO] [stdout] 
[INFO] [stdout] error: aborting due to 4 previous errors; 1 warning emitted
[INFO] [stdout] 
[INFO] [stdout] 
[INFO] [stdout] Some errors have detailed explanations: E0425, E0433.
[INFO] [stdout] 
[INFO] [stdout] For more information about an error, try `rustc --explain E0425`.
[INFO] [stdout] 
[INFO] [stderr] error: build failed
[INFO] running `Command { std: "docker" "inspect" "eb9a505b95a5c81e14fa3fa9b3e699c1447d2dba1782abce48edda210f7df889", kill_on_drop: false }`
[INFO] running `Command { std: "docker" "rm" "-f" "eb9a505b95a5c81e14fa3fa9b3e699c1447d2dba1782abce48edda210f7df889", kill_on_drop: false }`
[INFO] [stdout] eb9a505b95a5c81e14fa3fa9b3e699c1447d2dba1782abce48edda210f7df889
